{"id":12010,"date":"2023-10-27T00:43:11","date_gmt":"2023-10-27T00:43:11","guid":{"rendered":"https:\/\/alimentacion.conahcyt.mx\/produccionsinglifosato\/sustento\/sustento-juridico\/"},"modified":"2024-09-11T13:48:40","modified_gmt":"2024-09-11T19:48:40","slug":"sustento-juridico","status":"publish","type":"page","link":"https:\/\/alimentacion.conahcyt.mx\/produccionsinglifosato\/sustento\/sustento-juridico\/","title":{"rendered":"Jur\u00eddico"},"content":{"rendered":"\n<div style=\"height:40px\" aria-hidden=\"true\" class=\"wp-block-spacer\"><\/div>\n\n\n\n<h1 class=\"wp-block-heading\">Jur\u00eddico<\/h1>\n\n\n\n<div style=\"height:36px\" aria-hidden=\"true\" class=\"wp-block-spacer\"><\/div>\n\n\n<style>.wp-block-kadence-advancedheading.kt-adv-heading12010_8f1f76-a8, .wp-block-kadence-advancedheading.kt-adv-heading12010_8f1f76-a8[data-kb-block=\"kb-adv-heading12010_8f1f76-a8\"]{font-style:normal;}.wp-block-kadence-advancedheading.kt-adv-heading12010_8f1f76-a8 mark.kt-highlight, .wp-block-kadence-advancedheading.kt-adv-heading12010_8f1f76-a8[data-kb-block=\"kb-adv-heading12010_8f1f76-a8\"] mark.kt-highlight{font-style:normal;color:#f76a0c;-webkit-box-decoration-break:clone;box-decoration-break:clone;padding-top:0px;padding-right:0px;padding-bottom:0px;padding-left:0px;}<\/style>\n<h2 class=\"kt-adv-heading12010_8f1f76-a8 wp-block-kadence-advancedheading\" data-kb-block=\"kb-adv-heading12010_8f1f76-a8\"><strong>Sustento Jur\u00eddico&nbsp;<\/strong>&nbsp;<\/h2>\n\n\n\n<p>El <strong>decreto\u00a0por el que se establecen diversas acciones en materia de glifosato y ma\u00edz gen\u00e9ticamente modificado<\/strong>, <strong>publicado el 13 de febrero de 2023<\/strong> y que abroga al decreto publicado el 31 de diciembre de 2020, establece las acciones que deber\u00e1n realizar las dependencias, en el marco de sus atribuciones:<\/p>\n\n\n<style>.kt-tabs-id12010_b5a3bf-0e > .kt-tabs-content-wrap > .wp-block-kadence-tab{border-top:3px solid #0a6689;border-right:0px solid #0a6689;border-bottom:0px solid #0a6689;border-left:0px solid #0a6689;border-top-left-radius:0px;border-top-right-radius:0px;border-bottom-right-radius:0px;border-bottom-left-radius:0px;padding-top:var(--global-kb-spacing-sm, 1.5rem);padding-right:var(--global-kb-spacing-sm, 1.5rem);padding-bottom:var(--global-kb-spacing-sm, 1.5rem);padding-left:var(--global-kb-spacing-sm, 1.5rem);background:var(--global-palette9, #ffffff);}.wp-block-kadence-tabs .kt-tabs-id12010_b5a3bf-0e > .kt-tabs-title-list li{margin-top:0px;margin-right:8px;margin-bottom:0px;margin-left:0px;}.wp-block-kadence-tabs .kt-tabs-id12010_b5a3bf-0e > .kt-tabs-title-list li:last-child{margin-right:0px;}.wp-block-kadence-tabs .kt-tabs-id12010_b5a3bf-0e > .kt-tabs-title-list li .kt-tab-title, .wp-block-kadence-tabs .kt-tabs-id12010_b5a3bf-0e > .kt-tabs-content-wrap > .kt-tabs-accordion-title .kt-tab-title{line-height:1.4em;font-weight:regular;font-style:normal;border-top-width:0px;border-right-width:0px;border-bottom-width:0px;border-left-width:0px;border-top-left-radius:4px;border-top-right-radius:4px;border-bottom-right-radius:0px;border-bottom-left-radius:0px;padding-top:8px;padding-right:20px;padding-bottom:8px;padding-left:20px;border-color:var(--global-palette7, #eeeeee);color:var(--global-palette4, #2D3748);background:var(--global-palette7, #eeeeee);}.wp-block-kadence-tabs .kt-tabs-id12010_b5a3bf-0e > .kt-tabs-content-wrap > .kt-tabs-accordion-title .kt-tab-title{margin-top:0px;margin-right:8px;margin-bottom:0px;margin-left:0px;}.wp-block-kadence-tabs .kt-tabs-id12010_b5a3bf-0e > .kt-tabs-title-list li .kt-tab-title:hover, .wp-block-kadence-tabs .kt-tabs-id12010_b5a3bf-0e > .kt-tabs-content-wrap > .kt-tabs-accordion-title .kt-tab-title:hover{border-color:var(--global-palette7, #eeeeee);color:var(--global-palette3, #1A202C);background:var(--global-palette8, #F7FAFC);}.wp-block-kadence-tabs .kt-tabs-id12010_b5a3bf-0e > .kt-tabs-title-list li.kt-tab-title-active .kt-tab-title, .wp-block-kadence-tabs .kt-tabs-id12010_b5a3bf-0e > .kt-tabs-content-wrap > .kt-tabs-accordion-title.kt-tab-title-active .kt-tab-title{border-color:var(--global-palette7, #eeeeee);color:#ffffff;background:#0a6689;}@media all and (max-width: 1024px){.kt-tabs-id12010_b5a3bf-0e > .kt-tabs-content-wrap > .wp-block-kadence-tab{border-top:3px solid #0a6689;border-right:0px solid #0a6689;border-bottom:0px solid #0a6689;border-left:0px solid #0a6689;}}@media all and (max-width: 767px){.kt-tabs-id12010_b5a3bf-0e > .kt-tabs-content-wrap > .wp-block-kadence-tab{border-top:3px solid #0a6689;border-right:0px solid #0a6689;border-bottom:0px solid #0a6689;border-left:0px solid #0a6689;}}<\/style>\n<div class=\"wp-block-kadence-tabs alignnone\"><div class=\"kt-tabs-wrap kt-tabs-id12010_b5a3bf-0e kt-tabs-has-5-tabs kt-active-tab-4 kt-tabs-layout-tabs kt-tabs-tablet-layout-inherit kt-tabs-mobile-layout-inherit kt-tab-alignment-left \"><ul class=\"kt-tabs-title-list\"><li id=\"tab-conahcyt\" class=\"kt-title-item kt-title-item-1 kt-tabs-svg-show-always kt-tabs-icon-side-right kt-tab-title-inactive\"><a href=\"#tab-conahcyt\" data-tab=\"1\" class=\"kt-tab-title kt-tab-title-1 \"><span class=\"kt-title-text\">Conahcyt<\/span><\/a><\/li><li id=\"tab-medioambiente\" class=\"kt-title-item kt-title-item-2 kt-tabs-svg-show-always kt-tabs-icon-side-right kt-tab-title-inactive\"><a href=\"#tab-medioambiente\" data-tab=\"2\" class=\"kt-tab-title kt-tab-title-2 \"><span class=\"kt-title-text\">Medio ambiente<\/span><\/a><\/li><li id=\"tab-agricultura\" class=\"kt-title-item kt-title-item-3 kt-tabs-svg-show-always kt-tabs-icon-side-right kt-tab-title-inactive\"><a href=\"#tab-agricultura\" data-tab=\"3\" class=\"kt-tab-title kt-tab-title-3 \"><span class=\"kt-title-text\">Agricultura<\/span><\/a><\/li><li id=\"tab-cofepris\" class=\"kt-title-item kt-title-item-4 kt-tabs-svg-show-always kt-tabs-icon-side-right kt-tab-title-active\"><a href=\"#tab-cofepris\" data-tab=\"4\" class=\"kt-tab-title kt-tab-title-4 \"><span class=\"kt-title-text\">Cofepris<\/span><\/a><\/li><li id=\"tab-cibiogemycicoplafest\" class=\"kt-title-item kt-title-item-5 kt-tabs-svg-show-always kt-tabs-icon-side-right kt-tab-title-inactive\"><a href=\"#tab-cibiogemycicoplafest\" data-tab=\"5\" class=\"kt-tab-title kt-tab-title-5 \"><span class=\"kt-title-text\">Cibiogem y Cicoplafest<\/span><\/a><\/li><\/ul><div class=\"kt-tabs-content-wrap\">\n<div class=\"wp-block-kadence-tab kt-tab-inner-content kt-inner-tab-1 kt-inner-tab_6a2c9b-c7\"><div class=\"kt-tab-inner-content-inner\">\n<ul>\n<li>Coordinar, articular,&nbsp;promover y apoyar las investigaciones cient\u00edficas, desarrollos tecnol\u00f3gicos e innovaciones que le permitan&nbsp;sustentar y proponer, alternativas y pr\u00e1cticas&nbsp;agroecol\u00f3gicas y saludables que permitan prescindir del glifosato.<\/li>\n\n\n\n<li>Convocar a instituciones que pertenecen al sector que&nbsp;encabeza y dem\u00e1s instituciones de educaci\u00f3n superior o centros de investigaci\u00f3n p\u00fablicos con competencia&nbsp;en la materia.<\/li>\n\n\n\n<li>Invitar a grupos&nbsp;organizados de productores agr\u00edcolas, a la industria de agroqu\u00edmicos, a las asociaciones de usuarios de&nbsp;agroqu\u00edmicos y a las organizaciones de productores de bioinsumos e insumos agr\u00edcolas org\u00e1nicos para que&nbsp;participen en el dise\u00f1o, promoci\u00f3n o implementaci\u00f3n de las alternativas.<\/li>\n\n\n\n<li>Promover, en coordinaci\u00f3n con las autoridades en materia de bioseguridad, las reformas de los&nbsp;ordenamientos jur\u00eddicos aplicables, relacionadas con el objeto del presente decreto.<\/li>\n<\/ul>\n<\/div><\/div>\n\n\n\n<div class=\"wp-block-kadence-tab kt-tab-inner-content kt-inner-tab-2 kt-inner-tab_12b363-8a\"><div class=\"kt-tab-inner-content-inner\">\n<ul>\n<li>Garantizar, promover e implementar alternativas sostenibles y&nbsp;culturalmente adecuadas al uso del glifosato, las cuales podr\u00e1n incluir el uso de otros agroqu\u00edmicos seguros&nbsp;para la salud, de productos biol\u00f3gicos u org\u00e1nicos, de pr\u00e1cticas de control de arvenses que prescindan del&nbsp;uso de herbicidas, as\u00ed como el uso intensivo de mano de obra y otras pr\u00e1cticas agroecol\u00f3gicas.<\/li>\n\n\n\n<li>Revocar y abstenerse de otorgar permisos de liberaci\u00f3n al ambiente en M\u00e9xico de semillas de&nbsp;ma\u00edz gen\u00e9ticamente modificado.<\/li>\n\n\n\n<li>Promover en coordinaci\u00f3n con el Conahcyt y otras autoridades en materia de bioseguridad, las reformas de los&nbsp;ordenamientos jur\u00eddicos aplicables, relacionadas con el objeto del decreto.<\/li>\n<\/ul>\n<\/div><\/div>\n\n\n\n<div class=\"wp-block-kadence-tab kt-tab-inner-content kt-inner-tab-3 kt-inner-tab_ef1c18-41\"><div class=\"kt-tab-inner-content-inner\">\n<ul>\n<li>Garantizar, promover e implementar alternativas sostenibles y&nbsp;culturalmente adecuadas al uso del glifosato, las cuales podr\u00e1n incluir el uso de otros agroqu\u00edmicos seguros&nbsp;para la salud, de productos biol\u00f3gicos u org\u00e1nicos, de pr\u00e1cticas de control de arvenses que prescindan del&nbsp;uso de herbicidas, as\u00ed como el uso intensivo de mano de obra y otras pr\u00e1cticas agroecol\u00f3gicas.<\/li>\n<\/ul>\n<\/div><\/div>\n\n\n\n<div class=\"wp-block-kadence-tab kt-tab-inner-content kt-inner-tab-4 kt-inner-tab_b2a875-ee\"><div class=\"kt-tab-inner-content-inner\">\n<ul>\n<li>Revocar y abstenerse de otorgar autorizaciones para el uso de grano de ma\u00edz gen\u00e9ticamente&nbsp;modificado para la alimentaci\u00f3n humana.<\/li>\n\n\n\n<li>Integrar un protocolo de investigaci\u00f3n conjunta con las instancias equivalentes de otros&nbsp;pa\u00edses sobre el consumo del ma\u00edz gen\u00e9ticamente modificado y los posibles da\u00f1os a la salud.<\/li>\n<\/ul>\n<\/div><\/div>\n\n\n\n<div class=\"wp-block-kadence-tab kt-tab-inner-content kt-inner-tab-5 kt-inner-tab_d18d0d-ec\"><div class=\"kt-tab-inner-content-inner\">\n<ul>\n<li>Definir las pol\u00edticas p\u00fablicas que permitan establecer los mecanismos de trazabilidad&nbsp;del ma\u00edz gen\u00e9ticamente modificado y del glifosato.<\/li>\n<\/ul>\n<\/div><\/div>\n<\/div><\/div><\/div>\n\n\n<style>.wp-block-kadence-spacer.kt-block-spacer-12010_4951ff-80 .kt-block-spacer{height:20px;}.wp-block-kadence-spacer.kt-block-spacer-12010_4951ff-80 .kt-divider{border-top-width:1px;height:1px;border-top-color:#eee;width:80%;border-top-style:solid;}<\/style>\n<div class=\"wp-block-kadence-spacer aligncenter kt-block-spacer-12010_4951ff-80\"><div class=\"kt-block-spacer kt-block-spacer-halign-center\"><hr class=\"kt-divider\"\/><\/div><\/div>\n\n\n\n<p>A continuaci\u00f3n se presenta el <strong>fundamento jur\u00eddico en materia de glifosato<\/strong>:<\/p>\n\n\n<style>.wp-block-kadence-advancedbtn.kb-btns12010_f173b8-63{gap:200px;justify-content:center;align-items:center;}.kt-btns12010_f173b8-63 .kt-button{font-weight:normal;font-style:normal;}.kt-btns12010_f173b8-63 .kt-btn-wrap-0{margin-right:5px;}.wp-block-kadence-advancedbtn.kt-btns12010_f173b8-63 .kt-btn-wrap-0 .kt-button{color:#555555;border-color:#555555;}.wp-block-kadence-advancedbtn.kt-btns12010_f173b8-63 .kt-btn-wrap-0 .kt-button:hover, .wp-block-kadence-advancedbtn.kt-btns12010_f173b8-63 .kt-btn-wrap-0 .kt-button:focus{color:#ffffff;border-color:#444444;}.wp-block-kadence-advancedbtn.kt-btns12010_f173b8-63 .kt-btn-wrap-0 .kt-button::before{display:none;}.wp-block-kadence-advancedbtn.kt-btns12010_f173b8-63 .kt-btn-wrap-0 .kt-button:hover, .wp-block-kadence-advancedbtn.kt-btns12010_f173b8-63 .kt-btn-wrap-0 .kt-button:focus{background:#444444;}<\/style>\n<div class=\"wp-block-kadence-advancedbtn kb-buttons-wrap kb-btns12010_f173b8-63\"><style>.wp-block-kadence-advancedbtn .kb-btn12010_425190-80.kb-button{color:#ffffff;background:#621132;font-size:var(--global-kb-font-size-md, 1.25rem);box-shadow:2px 2px 5px 3px rgba(98, 17, 50, 0.2);}<\/style><a class=\"kb-button kt-button button kb-btn12010_425190-80 kt-btn-size-xlarge kt-btn-width-type-fixed kb-btn-global-inherit kt-btn-has-text-true kt-btn-has-svg-false wp-block-button__link wp-block-kadence-singlebtn\" href=\"https:\/\/alimentacion.conahcyt.mx\/produccionsinglifosato\/wp-content\/uploads\/2024\/03\/Decreto-glifosato-y-maiz-2020.pdf\"><span class=\"kt-btn-inner-text\">Decreto 2020<\/span><\/a>\n\n<style>.wp-block-kadence-advancedbtn .kb-btn12010_ad8f9b-ba.kb-button{color:#ffffff;background:#621132;font-size:var(--global-kb-font-size-md, 1.25rem);box-shadow:2px 2px 5px 3px rgba(98, 17, 50, 0.2);}<\/style><a class=\"kb-button kt-button button kb-btn12010_ad8f9b-ba kt-btn-size-xlarge kt-btn-width-type-fixed kb-btn-global-inherit kt-btn-has-text-true kt-btn-has-svg-false wp-block-button__link wp-block-kadence-singlebtn\" href=\"https:\/\/alimentacion.conahcyt.mx\/produccionsinglifosato\/wp-content\/uploads\/2024\/03\/Decreto-glifosato-y-maiz-2023.pdf\"><span class=\"kt-btn-inner-text\">Decreto 2023<\/span><\/a><\/div>\n\n\n<style>.wp-block-kadence-spacer.kt-block-spacer-12010_f22ca2-cc .kt-block-spacer{height:40px;}.wp-block-kadence-spacer.kt-block-spacer-12010_f22ca2-cc .kt-divider{border-top-width:1px;height:1px;border-top-color:#eee;width:80%;border-top-style:solid;}<\/style>\n<div class=\"wp-block-kadence-spacer aligncenter kt-block-spacer-12010_f22ca2-cc\"><div class=\"kt-block-spacer kt-block-spacer-halign-center\"><hr class=\"kt-divider\"\/><\/div><\/div>\n\n\n\n<p>Asimismo, se muestra el <strong>fundamento jur\u00eddico en materia de OGM<\/strong>:<\/p>\n\n\n<style>.wp-block-kadence-iconlist.kt-svg-icon-list-items12010_762274-c7:not(.this-stops-third-party-issues){margin-top:0px;margin-bottom:0px;}.wp-block-kadence-iconlist.kt-svg-icon-list-items12010_762274-c7 ul.kt-svg-icon-list:not(.this-prevents-issues):not(.this-stops-third-party-issues):not(.tijsloc){margin-top:0px;margin-right:0px;margin-bottom:var(--global-kb-spacing-sm, 1.5rem);margin-left:0px;}.wp-block-kadence-iconlist.kt-svg-icon-list-items12010_762274-c7 ul.kt-svg-icon-list{grid-row-gap:5px;}.wp-block-kadence-iconlist.kt-svg-icon-list-items12010_762274-c7 .kb-svg-icon-wrap{color:#621132;}.wp-block-kadence-iconlist.kt-svg-icon-list-items12010_762274-c7 ul.kt-svg-icon-list .kt-svg-icon-list-item-wrap .kt-svg-icon-list-single{margin-right:10px;}.kt-svg-icon-list-items12010_762274-c7 ul.kt-svg-icon-list .kt-svg-icon-list-level-0 .kt-svg-icon-list-single svg{font-size:20px;}<\/style>\n<div class=\"wp-block-kadence-iconlist kt-svg-icon-list-items kt-svg-icon-list-items12010_762274-c7 kt-svg-icon-list-columns-1 alignnone\"><ul class=\"kt-svg-icon-list\"><style>.kt-svg-icon-list-item-12010_2ee8e4-b7 .kt-svg-icon-list-text mark.kt-highlight{background-color:unset;font-style:normal;color:#f76a0c;-webkit-box-decoration-break:clone;box-decoration-break:clone;padding-top:0px;padding-right:0px;padding-bottom:0px;padding-left:0px;}<\/style>\n<li class=\"wp-block-kadence-listitem kt-svg-icon-list-item-wrap kt-svg-icon-list-item-12010_2ee8e4-b7\"><span class=\"kb-svg-icon-wrap kb-svg-icon-fe_fileText kt-svg-icon-list-single\"><svg viewBox=\"0 0 24 24\"  fill=\"none\" stroke=\"currentColor\" stroke-width=\"2\" stroke-linecap=\"round\" stroke-linejoin=\"round\" xmlns=\"http:\/\/www.w3.org\/2000\/svg\"  aria-hidden=\"true\"><path d=\"M14 2H6a2 2 0 0 0-2 2v16a2 2 0 0 0 2 2h12a2 2 0 0 0 2-2V8z\"\/><polyline points=\"14 2 14 8 20 8\"\/><line x1=\"16\" y1=\"13\" x2=\"8\" y2=\"13\"\/><line x1=\"16\" y1=\"17\" x2=\"8\" y2=\"17\"\/><polyline points=\"10 9 9 9 8 9\"\/><\/svg><\/span><span class=\"kt-svg-icon-list-text\"><a href=\"https:\/\/alimentacion.conahcyt.mx\/produccionsinglifosato\/wp-content\/uploads\/2024\/03\/Acuerdo-Aviso-Utilizacion-Confinada-OGM.pdf\" title=\"\">Acuerdo de aviso de utilizaci\u00f3n confinada de OGMs.<\/a><\/span><\/li>\n\n\n<style>.kt-svg-icon-list-item-12010_5fe291-b7 .kt-svg-icon-list-text mark.kt-highlight{background-color:unset;font-style:normal;color:#f76a0c;-webkit-box-decoration-break:clone;box-decoration-break:clone;padding-top:0px;padding-right:0px;padding-bottom:0px;padding-left:0px;}<\/style>\n<li class=\"wp-block-kadence-listitem kt-svg-icon-list-item-wrap kt-svg-icon-list-item-12010_5fe291-b7\"><span class=\"kb-svg-icon-wrap kb-svg-icon-fe_fileText kt-svg-icon-list-single\"><svg viewBox=\"0 0 24 24\"  fill=\"none\" stroke=\"currentColor\" stroke-width=\"2\" stroke-linecap=\"round\" stroke-linejoin=\"round\" xmlns=\"http:\/\/www.w3.org\/2000\/svg\"  aria-hidden=\"true\"><path d=\"M14 2H6a2 2 0 0 0-2 2v16a2 2 0 0 0 2 2h12a2 2 0 0 0 2-2V8z\"\/><polyline points=\"14 2 14 8 20 8\"\/><line x1=\"16\" y1=\"13\" x2=\"8\" y2=\"13\"\/><line x1=\"16\" y1=\"17\" x2=\"8\" y2=\"17\"\/><polyline points=\"10 9 9 9 8 9\"\/><\/svg><\/span><span class=\"kt-svg-icon-list-text\"><a href=\"https:\/\/alimentacion.conahcyt.mx\/produccionsinglifosato\/wp-content\/uploads\/2024\/03\/Acuerdo-centro-origen-maiz.pdf\" title=\"\">Acuerdo de determinaci\u00f3n de centros de origen y centros de diversidad gen\u00e9tica del ma\u00edz.<\/a><\/span><\/li>\n\n\n<style>.kt-svg-icon-list-item-12010_045335-18 .kt-svg-icon-list-text mark.kt-highlight{background-color:unset;font-style:normal;color:#f76a0c;-webkit-box-decoration-break:clone;box-decoration-break:clone;padding-top:0px;padding-right:0px;padding-bottom:0px;padding-left:0px;}<\/style>\n<li class=\"wp-block-kadence-listitem kt-svg-icon-list-item-wrap kt-svg-icon-list-item-12010_045335-18\"><span class=\"kb-svg-icon-wrap kb-svg-icon-fe_fileText kt-svg-icon-list-single\"><svg viewBox=\"0 0 24 24\"  fill=\"none\" stroke=\"currentColor\" stroke-width=\"2\" stroke-linecap=\"round\" stroke-linejoin=\"round\" xmlns=\"http:\/\/www.w3.org\/2000\/svg\"  aria-hidden=\"true\"><path d=\"M14 2H6a2 2 0 0 0-2 2v16a2 2 0 0 0 2 2h12a2 2 0 0 0 2-2V8z\"\/><polyline points=\"14 2 14 8 20 8\"\/><line x1=\"16\" y1=\"13\" x2=\"8\" y2=\"13\"\/><line x1=\"16\" y1=\"17\" x2=\"8\" y2=\"17\"\/><polyline points=\"10 9 9 9 8 9\"\/><\/svg><\/span><span class=\"kt-svg-icon-list-text\"><a href=\"https:\/\/www.dof.gob.mx\/nota_detalle.php?codigo=5095296&amp;fecha=22\/06\/2009#gsc.tab=0\" title=\"\">Acuerdo de funciones de SENASICA.<\/a><\/span><\/li>\n\n\n<style>.kt-svg-icon-list-item-12010_ddac48-c5 .kt-svg-icon-list-text mark.kt-highlight{background-color:unset;font-style:normal;color:#f76a0c;-webkit-box-decoration-break:clone;box-decoration-break:clone;padding-top:0px;padding-right:0px;padding-bottom:0px;padding-left:0px;}<\/style>\n<li class=\"wp-block-kadence-listitem kt-svg-icon-list-item-wrap kt-svg-icon-list-item-12010_ddac48-c5\"><span class=\"kb-svg-icon-wrap kb-svg-icon-fe_fileText kt-svg-icon-list-single\"><svg viewBox=\"0 0 24 24\"  fill=\"none\" stroke=\"currentColor\" stroke-width=\"2\" stroke-linecap=\"round\" stroke-linejoin=\"round\" xmlns=\"http:\/\/www.w3.org\/2000\/svg\"  aria-hidden=\"true\"><path d=\"M14 2H6a2 2 0 0 0-2 2v16a2 2 0 0 0 2 2h12a2 2 0 0 0 2-2V8z\"\/><polyline points=\"14 2 14 8 20 8\"\/><line x1=\"16\" y1=\"13\" x2=\"8\" y2=\"13\"\/><line x1=\"16\" y1=\"17\" x2=\"8\" y2=\"17\"\/><polyline points=\"10 9 9 9 8 9\"\/><\/svg><\/span><span class=\"kt-svg-icon-list-text\"><a href=\"https:\/\/alimentacion.conahcyt.mx\/produccionsinglifosato\/wp-content\/uploads\/2024\/03\/LBOGM.pdf\" title=\"\">Ley de Bioseguridad de Organismos Gen\u00e9ticamente Modificados (LBOGM).<\/a><\/span><\/li>\n\n\n<style>.kt-svg-icon-list-item-12010_01be8c-c0 .kt-svg-icon-list-text mark.kt-highlight{background-color:unset;font-style:normal;color:#f76a0c;-webkit-box-decoration-break:clone;box-decoration-break:clone;padding-top:0px;padding-right:0px;padding-bottom:0px;padding-left:0px;}<\/style>\n<li class=\"wp-block-kadence-listitem kt-svg-icon-list-item-wrap kt-svg-icon-list-item-12010_01be8c-c0\"><span class=\"kb-svg-icon-wrap kb-svg-icon-fe_fileText kt-svg-icon-list-single\"><svg viewBox=\"0 0 24 24\"  fill=\"none\" stroke=\"currentColor\" stroke-width=\"2\" stroke-linecap=\"round\" stroke-linejoin=\"round\" xmlns=\"http:\/\/www.w3.org\/2000\/svg\"  aria-hidden=\"true\"><path d=\"M14 2H6a2 2 0 0 0-2 2v16a2 2 0 0 0 2 2h12a2 2 0 0 0 2-2V8z\"\/><polyline points=\"14 2 14 8 20 8\"\/><line x1=\"16\" y1=\"13\" x2=\"8\" y2=\"13\"\/><line x1=\"16\" y1=\"17\" x2=\"8\" y2=\"17\"\/><polyline points=\"10 9 9 9 8 9\"\/><\/svg><\/span><span class=\"kt-svg-icon-list-text\"><a href=\"https:\/\/alimentacion.conahcyt.mx\/produccionsinglifosato\/wp-content\/uploads\/2024\/03\/NOM-001-SAG_BIO-2014_301214.pdf\" title=\"\">Norma Oficial Mexicana NOM-001-SAG\/BIO-2014.<\/a><\/span><\/li>\n\n\n<style>.kt-svg-icon-list-item-12010_f930f1-c3 .kt-svg-icon-list-text mark.kt-highlight{background-color:unset;font-style:normal;color:#f76a0c;-webkit-box-decoration-break:clone;box-decoration-break:clone;padding-top:0px;padding-right:0px;padding-bottom:0px;padding-left:0px;}<\/style>\n<li class=\"wp-block-kadence-listitem kt-svg-icon-list-item-wrap kt-svg-icon-list-item-12010_f930f1-c3\"><span class=\"kb-svg-icon-wrap kb-svg-icon-fe_fileText kt-svg-icon-list-single\"><svg viewBox=\"0 0 24 24\"  fill=\"none\" stroke=\"currentColor\" stroke-width=\"2\" stroke-linecap=\"round\" stroke-linejoin=\"round\" xmlns=\"http:\/\/www.w3.org\/2000\/svg\"  aria-hidden=\"true\"><path d=\"M14 2H6a2 2 0 0 0-2 2v16a2 2 0 0 0 2 2h12a2 2 0 0 0 2-2V8z\"\/><polyline points=\"14 2 14 8 20 8\"\/><line x1=\"16\" y1=\"13\" x2=\"8\" y2=\"13\"\/><line x1=\"16\" y1=\"17\" x2=\"8\" y2=\"17\"\/><polyline points=\"10 9 9 9 8 9\"\/><\/svg><\/span><span class=\"kt-svg-icon-list-text\"><a href=\"https:\/\/alimentacion.conahcyt.mx\/produccionsinglifosato\/wp-content\/uploads\/2024\/03\/NOM-164-SEMARNAT_SAGARPA-2013.pdf\" title=\"\">Norma Oficial Mexicana NOM-164-SEMARNAT\/SAGARPA-2013.<\/a><\/span><\/li>\n\n\n<style>.kt-svg-icon-list-item-12010_685e61-7b .kt-svg-icon-list-text mark.kt-highlight{background-color:unset;font-style:normal;color:#f76a0c;-webkit-box-decoration-break:clone;box-decoration-break:clone;padding-top:0px;padding-right:0px;padding-bottom:0px;padding-left:0px;}<\/style>\n<li class=\"wp-block-kadence-listitem kt-svg-icon-list-item-wrap kt-svg-icon-list-item-12010_685e61-7b\"><span class=\"kb-svg-icon-wrap kb-svg-icon-fe_fileText kt-svg-icon-list-single\"><svg viewBox=\"0 0 24 24\"  fill=\"none\" stroke=\"currentColor\" stroke-width=\"2\" stroke-linecap=\"round\" stroke-linejoin=\"round\" xmlns=\"http:\/\/www.w3.org\/2000\/svg\"  aria-hidden=\"true\"><path d=\"M14 2H6a2 2 0 0 0-2 2v16a2 2 0 0 0 2 2h12a2 2 0 0 0 2-2V8z\"\/><polyline points=\"14 2 14 8 20 8\"\/><line x1=\"16\" y1=\"13\" x2=\"8\" y2=\"13\"\/><line x1=\"16\" y1=\"17\" x2=\"8\" y2=\"17\"\/><polyline points=\"10 9 9 9 8 9\"\/><\/svg><\/span><span class=\"kt-svg-icon-list-text\"><a href=\"https:\/\/alimentacion.conahcyt.mx\/produccionsinglifosato\/wp-content\/uploads\/2024\/03\/Reg_LBOGM-1.pdf\" title=\"\">Reglamento de la LBOGM<\/a>.<\/span><\/li>\n<\/ul><\/div>\n\n\n\n<div style=\"height:100px\" aria-hidden=\"true\" class=\"wp-block-spacer\"><\/div>\n","protected":false},"excerpt":{"rendered":"<p>Jur\u00eddico Sustento Jur\u00eddico&nbsp;&nbsp; El decreto\u00a0por el que se establecen diversas acciones en materia de glifosato y ma\u00edz gen\u00e9ticamente modificado, publicado el 13 de febrero de 2023 y que abroga al decreto publicado el 31 de diciembre de 2020, establece las acciones que deber\u00e1n realizar las dependencias, en el marco de sus atribuciones: A continuaci\u00f3n se [&hellip;]<\/p>\n","protected":false},"author":1,"featured_media":0,"parent":12004,"menu_order":0,"comment_status":"open","ping_status":"open","template":"","meta":{"ocean_post_layout":"left-sidebar","ocean_both_sidebars_style":"","ocean_both_sidebars_content_width":0,"ocean_both_sidebars_sidebars_width":0,"ocean_sidebar":"ocs-sidebar-01-sustento","ocean_second_sidebar":"","ocean_disable_margins":"on","ocean_add_body_class":"","ocean_shortcode_before_top_bar":"","ocean_shortcode_after_top_bar":"","ocean_shortcode_before_header":"","ocean_shortcode_after_header":"","ocean_has_shortcode":"","ocean_shortcode_after_title":"","ocean_shortcode_before_footer_widgets":"","ocean_shortcode_after_footer_widgets":"","ocean_shortcode_before_footer_bottom":"","ocean_shortcode_after_footer_bottom":"","ocean_display_top_bar":"default","ocean_display_header":"default","ocean_header_style":"","ocean_center_header_left_menu":"","ocean_custom_header_template":"","ocean_custom_logo":0,"ocean_custom_retina_logo":0,"ocean_custom_logo_max_width":0,"ocean_custom_logo_tablet_max_width":0,"ocean_custom_logo_mobile_max_width":0,"ocean_custom_logo_max_height":0,"ocean_custom_logo_tablet_max_height":0,"ocean_custom_logo_mobile_max_height":0,"ocean_header_custom_menu":"","ocean_menu_typo_font_family":"","ocean_menu_typo_font_subset":"","ocean_menu_typo_font_size":0,"ocean_menu_typo_font_size_tablet":0,"ocean_menu_typo_font_size_mobile":0,"ocean_menu_typo_font_size_unit":"px","ocean_menu_typo_font_weight":"","ocean_menu_typo_font_weight_tablet":"","ocean_menu_typo_font_weight_mobile":"","ocean_menu_typo_transform":"","ocean_menu_typo_transform_tablet":"","ocean_menu_typo_transform_mobile":"","ocean_menu_typo_line_height":0,"ocean_menu_typo_line_height_tablet":0,"ocean_menu_typo_line_height_mobile":0,"ocean_menu_typo_line_height_unit":"","ocean_menu_typo_spacing":0,"ocean_menu_typo_spacing_tablet":0,"ocean_menu_typo_spacing_mobile":0,"ocean_menu_typo_spacing_unit":"","ocean_menu_link_color":"","ocean_menu_link_color_hover":"","ocean_menu_link_color_active":"","ocean_menu_link_background":"","ocean_menu_link_hover_background":"","ocean_menu_link_active_background":"","ocean_menu_social_links_bg":"","ocean_menu_social_hover_links_bg":"","ocean_menu_social_links_color":"","ocean_menu_social_hover_links_color":"","ocean_disable_title":"on","ocean_disable_heading":"default","ocean_post_title":"","ocean_post_subheading":"","ocean_post_title_style":"","ocean_post_title_background_color":"","ocean_post_title_background":0,"ocean_post_title_bg_image_position":"","ocean_post_title_bg_image_attachment":"","ocean_post_title_bg_image_repeat":"","ocean_post_title_bg_image_size":"","ocean_post_title_height":0,"ocean_post_title_bg_overlay":0.5,"ocean_post_title_bg_overlay_color":"","ocean_disable_breadcrumbs":"default","ocean_breadcrumbs_color":"","ocean_breadcrumbs_separator_color":"","ocean_breadcrumbs_links_color":"","ocean_breadcrumbs_links_hover_color":"","ocean_display_footer_widgets":"default","ocean_display_footer_bottom":"default","ocean_custom_footer_template":"","footnotes":""},"aioseo_notices":[],"_links":{"self":[{"href":"https:\/\/alimentacion.conahcyt.mx\/produccionsinglifosato\/wp-json\/wp\/v2\/pages\/12010"}],"collection":[{"href":"https:\/\/alimentacion.conahcyt.mx\/produccionsinglifosato\/wp-json\/wp\/v2\/pages"}],"about":[{"href":"https:\/\/alimentacion.conahcyt.mx\/produccionsinglifosato\/wp-json\/wp\/v2\/types\/page"}],"author":[{"embeddable":true,"href":"https:\/\/alimentacion.conahcyt.mx\/produccionsinglifosato\/wp-json\/wp\/v2\/users\/1"}],"replies":[{"embeddable":true,"href":"https:\/\/alimentacion.conahcyt.mx\/produccionsinglifosato\/wp-json\/wp\/v2\/comments?post=12010"}],"version-history":[{"count":22,"href":"https:\/\/alimentacion.conahcyt.mx\/produccionsinglifosato\/wp-json\/wp\/v2\/pages\/12010\/revisions"}],"predecessor-version":[{"id":18167,"href":"https:\/\/alimentacion.conahcyt.mx\/produccionsinglifosato\/wp-json\/wp\/v2\/pages\/12010\/revisions\/18167"}],"up":[{"embeddable":true,"href":"https:\/\/alimentacion.conahcyt.mx\/produccionsinglifosato\/wp-json\/wp\/v2\/pages\/12004"}],"wp:attachment":[{"href":"https:\/\/alimentacion.conahcyt.mx\/produccionsinglifosato\/wp-json\/wp\/v2\/media?parent=12010"}],"curies":[{"name":"wp","href":"https:\/\/api.w.org\/{rel}","templated":true}]}}