{"id":15859,"date":"2024-03-30T17:52:07","date_gmt":"2024-03-30T23:52:07","guid":{"rendered":"https:\/\/alimentacion.conahcyt.mx\/produccionsinglifosato\/?page_id=15859"},"modified":"2024-08-23T16:25:22","modified_gmt":"2024-08-23T22:25:22","slug":"historico","status":"publish","type":"page","link":"https:\/\/alimentacion.conahcyt.mx\/produccionsinglifosato\/sustento\/historico\/","title":{"rendered":"Hist\u00f3rico"},"content":{"rendered":"<style>.wp-block-kadence-advancedheading.kt-adv-heading15859_443c74-3e, .wp-block-kadence-advancedheading.kt-adv-heading15859_443c74-3e[data-kb-block=\"kb-adv-heading15859_443c74-3e\"]{font-style:normal;}.wp-block-kadence-advancedheading.kt-adv-heading15859_443c74-3e mark.kt-highlight, .wp-block-kadence-advancedheading.kt-adv-heading15859_443c74-3e[data-kb-block=\"kb-adv-heading15859_443c74-3e\"] mark.kt-highlight{font-style:normal;color:#f76a0c;-webkit-box-decoration-break:clone;box-decoration-break:clone;padding-top:0px;padding-right:0px;padding-bottom:0px;padding-left:0px;}<\/style>\n<h1 class=\"kt-adv-heading15859_443c74-3e wp-block-kadence-advancedheading\" data-kb-block=\"kb-adv-heading15859_443c74-3e\">Hist\u00f3rico<\/h1>\n\n\n\n<p>La revoluci\u00f3n verde dio inicio a un modelo de producci\u00f3n basado en los monocultivos y el uso de semillas mejoradas, creando la necesidad de la aplicaci\u00f3n de productos qu\u00edmicos, donde destaca el uso de herbicidas para la erradicaci\u00f3n de arvenses en los cultivos. Lo anterior, en contraposici\u00f3n con las pr\u00e1cticas y conocimientos ancestrales provenientes de comunidades campesinas e ind\u00edgenas mexicanas. <\/p>\n\n\n\n<p>En la actualidad, es posible afirmar que los agroinsumos qu\u00edmicos, como el glifosato, se acompa\u00f1an de efectos t\u00f3xicos en los cultivos, los suelos y cuerpos de agua, extendiendo su impacto a la salud vegetal, animal y humana. Adicionalmente, su uso ha puesto en riesgo la riqueza biol\u00f3gica y cultural en M\u00e9xico.<\/p>\n\n\n\n<div class=\"wp-block-columns is-layout-flex wp-container-core-columns-layout-1 wp-block-columns-is-layout-flex\">\n<div class=\"wp-block-column is-layout-flow wp-block-column-is-layout-flow\" style=\"flex-basis:66.66%\">\n<p>Con el objetivo de alcanzar la autosuficiencia y la soberan\u00eda alimentaria, el gobierno de M\u00e9xico promueve las pol\u00edticas p\u00fablicas orientadas a establecer una producci\u00f3n agr\u00edcola sostenible y culturalmente adecuada, mediante el uso de pr\u00e1cticas e\u00a0insumos agroecol\u00f3gicos que resulten seguros para la salud humana, la diversidad biocultural del pa\u00eds y el\u00a0ambiente, as\u00ed como congruentes con las tradiciones agr\u00edcolas de M\u00e9xico; resaltando la importancia de conservar las especies de las cuales M\u00e9xico es centro de origen.<\/p>\n<\/div>\n\n\n\n<div class=\"wp-block-column is-vertically-aligned-center is-layout-flow wp-block-column-is-layout-flow\" style=\"flex-basis:33.33%\">\n<figure class=\"wp-block-image size-full is-style-rounded\"><img loading=\"lazy\" decoding=\"async\" width=\"1920\" height=\"960\" src=\"https:\/\/alimentacion.conahcyt.mx\/produccionsinglifosato\/wp-content\/uploads\/2024\/03\/soberania_alimentaria-1.jpg\" alt=\"\" class=\"wp-image-11071\" srcset=\"https:\/\/alimentacion.conahcyt.mx\/produccionsinglifosato\/wp-content\/uploads\/2024\/03\/soberania_alimentaria-1.jpg 1920w, https:\/\/alimentacion.conahcyt.mx\/produccionsinglifosato\/wp-content\/uploads\/2024\/03\/soberania_alimentaria-1-300x150.jpg 300w, https:\/\/alimentacion.conahcyt.mx\/produccionsinglifosato\/wp-content\/uploads\/2024\/03\/soberania_alimentaria-1-1024x512.jpg 1024w, https:\/\/alimentacion.conahcyt.mx\/produccionsinglifosato\/wp-content\/uploads\/2024\/03\/soberania_alimentaria-1-768x384.jpg 768w, https:\/\/alimentacion.conahcyt.mx\/produccionsinglifosato\/wp-content\/uploads\/2024\/03\/soberania_alimentaria-1-1536x768.jpg 1536w\" sizes=\"(max-width: 1920px) 100vw, 1920px\" \/><\/figure>\n<\/div>\n<\/div>\n\n\n\n<div style=\"height:30px\" aria-hidden=\"true\" class=\"wp-block-spacer\"><\/div>\n\n\n<style>.kb-row-layout-id15859_6c5f6e-1d > .kt-row-column-wrap{align-content:start;}:where(.kb-row-layout-id15859_6c5f6e-1d > .kt-row-column-wrap) > .wp-block-kadence-column{justify-content:start;}.kb-row-layout-id15859_6c5f6e-1d > .kt-row-column-wrap{column-gap:var(--global-kb-gap-md, 2rem);row-gap:var(--global-kb-gap-md, 2rem);padding-top:var(--global-kb-spacing-sm, 1.5rem);padding-bottom:var(--global-kb-spacing-sm, 1.5rem);grid-template-columns:minmax(0, 1fr);}.kb-row-layout-id15859_6c5f6e-1d > .kt-row-layout-overlay{opacity:0.30;}.kb-row-layout-id15859_6c5f6e-1d .kt-row-layout-bottom-sep{height:76px;}.kb-row-layout-id15859_6c5f6e-1d .kt-row-layout-bottom-sep svg{width:100%;}.kb-row-layout-id15859_6c5f6e-1d .kt-row-layout-bottom-sep svg{fill:#002663!important;}@media all and (max-width: 1024px){.kb-row-layout-id15859_6c5f6e-1d > .kt-row-column-wrap{grid-template-columns:minmax(0, 1fr);}}@media all and (max-width: 1024px){.kb-row-layout-id15859_6c5f6e-1d .kt-row-layout-bottom-sep{height:px;}}@media all and (max-width: 1024px){.kb-row-layout-id15859_6c5f6e-1d .kt-row-layout-bottom-sep svg{width:%;}}@media all and (max-width: 767px){.kb-row-layout-id15859_6c5f6e-1d > .kt-row-column-wrap{grid-template-columns:minmax(0, 1fr);}.kb-row-layout-id15859_6c5f6e-1d .kt-row-layout-bottom-sep{height:px;}.kb-row-layout-id15859_6c5f6e-1d .kt-row-layout-bottom-sep svg{width:%;}}<\/style><div class=\"kb-row-layout-wrap kb-row-layout-id15859_6c5f6e-1d alignnone wp-block-kadence-rowlayout\"><div class=\"kt-row-layout-bottom-sep kt-row-sep-type-ctd\"><svg viewBox=\"0 0 1000 100\" preserveAspectRatio=\"none\"><path d=\"M1000,0l-500,98l-500,-98l0,100l1000,0l0,-100Z\" style=\"opacity: 0.4\" \/><path d=\"M1000,20l-500,78l-500,-78l0,80l1000,0l0,-80Z\" \/><\/svg><\/div><div class=\"kt-row-column-wrap kt-has-1-columns kt-row-layout-equal kt-tab-layout-inherit kt-mobile-layout-row kt-row-valign-top\">\n<style>.kadence-column15859_c9e9d5-bc > .kt-inside-inner-col,.kadence-column15859_c9e9d5-bc > .kt-inside-inner-col:before{border-top-left-radius:0px;border-top-right-radius:0px;border-bottom-right-radius:0px;border-bottom-left-radius:0px;}.kadence-column15859_c9e9d5-bc > .kt-inside-inner-col{column-gap:var(--global-kb-gap-sm, 1rem);}.kadence-column15859_c9e9d5-bc > .kt-inside-inner-col{flex-direction:column;}.kadence-column15859_c9e9d5-bc > .kt-inside-inner-col > .aligncenter{width:100%;}.kadence-column15859_c9e9d5-bc > .kt-inside-inner-col:before{opacity:0.3;}.kadence-column15859_c9e9d5-bc{position:relative;}@media all and (max-width: 1024px){.kadence-column15859_c9e9d5-bc > .kt-inside-inner-col{flex-direction:column;}}@media all and (max-width: 767px){.kadence-column15859_c9e9d5-bc > .kt-inside-inner-col{flex-direction:column;}}<\/style>\n<div class=\"wp-block-kadence-column kadence-column15859_c9e9d5-bc\"><div class=\"kt-inside-inner-col\"><\/div><\/div>\n\n<\/div><\/div>\n\n\n<div style=\"height:38px\" aria-hidden=\"true\" class=\"wp-block-spacer\"><\/div>\n","protected":false},"excerpt":{"rendered":"<p>Hist\u00f3rico La revoluci\u00f3n verde dio inicio a un modelo de producci\u00f3n basado en los monocultivos y el uso de semillas mejoradas, creando la necesidad de la aplicaci\u00f3n de productos qu\u00edmicos, donde destaca el uso de herbicidas para la erradicaci\u00f3n de arvenses en los cultivos. Lo anterior, en contraposici\u00f3n con las pr\u00e1cticas y conocimientos ancestrales provenientes [&hellip;]<\/p>\n","protected":false},"author":58,"featured_media":0,"parent":12004,"menu_order":0,"comment_status":"closed","ping_status":"closed","template":"","meta":{"ocean_post_layout":"left-sidebar","ocean_both_sidebars_style":"","ocean_both_sidebars_content_width":0,"ocean_both_sidebars_sidebars_width":0,"ocean_sidebar":"ocs-sidebar-01-sustento","ocean_second_sidebar":"","ocean_disable_margins":"enable","ocean_add_body_class":"","ocean_shortcode_before_top_bar":"","ocean_shortcode_after_top_bar":"","ocean_shortcode_before_header":"","ocean_shortcode_after_header":"","ocean_has_shortcode":"","ocean_shortcode_after_title":"","ocean_shortcode_before_footer_widgets":"","ocean_shortcode_after_footer_widgets":"","ocean_shortcode_before_footer_bottom":"","ocean_shortcode_after_footer_bottom":"","ocean_display_top_bar":"off","ocean_display_header":"default","ocean_header_style":"","ocean_center_header_left_menu":"","ocean_custom_header_template":"","ocean_custom_logo":0,"ocean_custom_retina_logo":0,"ocean_custom_logo_max_width":0,"ocean_custom_logo_tablet_max_width":0,"ocean_custom_logo_mobile_max_width":0,"ocean_custom_logo_max_height":0,"ocean_custom_logo_tablet_max_height":0,"ocean_custom_logo_mobile_max_height":0,"ocean_header_custom_menu":"","ocean_menu_typo_font_family":"","ocean_menu_typo_font_subset":"","ocean_menu_typo_font_size":0,"ocean_menu_typo_font_size_tablet":0,"ocean_menu_typo_font_size_mobile":0,"ocean_menu_typo_font_size_unit":"px","ocean_menu_typo_font_weight":"","ocean_menu_typo_font_weight_tablet":"","ocean_menu_typo_font_weight_mobile":"","ocean_menu_typo_transform":"","ocean_menu_typo_transform_tablet":"","ocean_menu_typo_transform_mobile":"","ocean_menu_typo_line_height":0,"ocean_menu_typo_line_height_tablet":0,"ocean_menu_typo_line_height_mobile":0,"ocean_menu_typo_line_height_unit":"","ocean_menu_typo_spacing":0,"ocean_menu_typo_spacing_tablet":0,"ocean_menu_typo_spacing_mobile":0,"ocean_menu_typo_spacing_unit":"","ocean_menu_link_color":"","ocean_menu_link_color_hover":"","ocean_menu_link_color_active":"","ocean_menu_link_background":"","ocean_menu_link_hover_background":"","ocean_menu_link_active_background":"","ocean_menu_social_links_bg":"","ocean_menu_social_hover_links_bg":"","ocean_menu_social_links_color":"","ocean_menu_social_hover_links_color":"","ocean_disable_title":"default","ocean_disable_heading":"default","ocean_post_title":"","ocean_post_subheading":"","ocean_post_title_style":"","ocean_post_title_background_color":"","ocean_post_title_background":0,"ocean_post_title_bg_image_position":"","ocean_post_title_bg_image_attachment":"","ocean_post_title_bg_image_repeat":"","ocean_post_title_bg_image_size":"","ocean_post_title_height":0,"ocean_post_title_bg_overlay":0.5,"ocean_post_title_bg_overlay_color":"","ocean_disable_breadcrumbs":"default","ocean_breadcrumbs_color":"","ocean_breadcrumbs_separator_color":"","ocean_breadcrumbs_links_color":"","ocean_breadcrumbs_links_hover_color":"","ocean_display_footer_widgets":"default","ocean_display_footer_bottom":"default","ocean_custom_footer_template":"","footnotes":""},"aioseo_notices":[],"_links":{"self":[{"href":"https:\/\/alimentacion.conahcyt.mx\/produccionsinglifosato\/wp-json\/wp\/v2\/pages\/15859"}],"collection":[{"href":"https:\/\/alimentacion.conahcyt.mx\/produccionsinglifosato\/wp-json\/wp\/v2\/pages"}],"about":[{"href":"https:\/\/alimentacion.conahcyt.mx\/produccionsinglifosato\/wp-json\/wp\/v2\/types\/page"}],"author":[{"embeddable":true,"href":"https:\/\/alimentacion.conahcyt.mx\/produccionsinglifosato\/wp-json\/wp\/v2\/users\/58"}],"replies":[{"embeddable":true,"href":"https:\/\/alimentacion.conahcyt.mx\/produccionsinglifosato\/wp-json\/wp\/v2\/comments?post=15859"}],"version-history":[{"count":9,"href":"https:\/\/alimentacion.conahcyt.mx\/produccionsinglifosato\/wp-json\/wp\/v2\/pages\/15859\/revisions"}],"predecessor-version":[{"id":17837,"href":"https:\/\/alimentacion.conahcyt.mx\/produccionsinglifosato\/wp-json\/wp\/v2\/pages\/15859\/revisions\/17837"}],"up":[{"embeddable":true,"href":"https:\/\/alimentacion.conahcyt.mx\/produccionsinglifosato\/wp-json\/wp\/v2\/pages\/12004"}],"wp:attachment":[{"href":"https:\/\/alimentacion.conahcyt.mx\/produccionsinglifosato\/wp-json\/wp\/v2\/media?parent=15859"}],"curies":[{"name":"wp","href":"https:\/\/api.w.org\/{rel}","templated":true}]}}